d by 17?
16
Let v(d) = 592*d + 301. Calculate the remainder when v(1) is divided by 39.
35
What is the remainder when (-108)/4320 + (-248163)/(-120) is divided by 677?
37
Suppose -2*i + 45 - 279 = 2*p, -p + 561 = -5*i. Let d = 253 + i. What is the remainder when d is divided by 36?
32
Calculate the remainder when 237 is divided by (-1 - (-1 - -1))*(-4 + 22 - 41).
7
Suppose 228*t + 91*t + 22*t = 50127. What is the remainder when 439 is divided by t?
145
Calculate the remainder when 911 is divided by (-13)/(169/(-13)) - -10.
9
Suppose 4*d + 37 = 3*v, -3*d + 51 = -0*v + 3*v. Suppose 3*c + v - 36 = 0. Suppose 2*j = -c*j + 72. What is the remainder when 47 is divided by j?
7
Suppose -5*y = 5*a - 540, -3*a = -a - y - 207. Let g = 128 - a. What is the remainder when g is divided by 12?
11
Let n(g) = 81*g**2 + 26*g + 29. Calculate the remainder when n(-3) is divided by 9.
5
Suppose -7*t + 1280 = t. Let y = -131 + t. Calculate the remainder when y is divided by 4.
1
Suppose -4*i + 1253 = 3*k, -4*k - 547*i + 1677 = -548*i. What is the remainder when k is divided by 17?
11
Let o = 268668 + -268651. Let b(k) = 105*k**3 - k**2 + 1. Let a be b(-1). Let p = a - -221. What is the remainder when p is divided by o?
14
Suppose 4*u - 2*n = 465 - 11, -u - 4*n + 109 = 0. Let r = 9746 + -9723. Calculate the remainder when u is divided by r.
21
What is the remainder when (416/156)/(28/7035) is divided by 158?
38
Let k be (-2)/15 + (-4838)/615. Calculate the remainder when 117 is divided by 156/16 + (-10)/k.
7
Suppose 1493 = -13*u - 10441. Let w = 934 + u. What is the remainder when 382 is divided by w?
14
Let x(a) = 4*a**2 - 4*a - 3. Let z be x(-2). Suppose c + 4*d - 5 = z, -3*c + 38 = 2*d. What is the remainder when 522/12*((-26)/(-6) + -3) is divided by c?
8
Suppose 3*g + 0*g + 618 = 0. Let r = g - -372. Let l(d) = d**3 - 13*d**2 - 26*d - 36. What is the remainder when r is divided by l(15)?
22
Suppose 16003 + 6131 = 17*q + 85*q. What is the remainder when q is divided by 82?
53
Let q(h) = 25*h - 1205. Calculate the remainder when 819 is divided by q(49).
19
Suppose 8024 - 815 = 9*g. What is the remainder when g is divided by 115?
111
Let i(w) = 3*w**3 - 9*w**2 + 14*w - 15. Let f be i(5). Suppose 3*a = -4*x + 280, 3*x + 0*x - f = -a. Calculate the remainder when x is divided by 18.
13
Let s = -19502 - -19684. Calculate the remainder when 613 is divided by s.
67
Let c(b) = b**3 + 19*b**2 - 7*b - 65. Let q be c(-19). What is the remainder when ((5990/8)/5)/(17/q) is divided by 50?
49
What is the remainder when 455 is divided by ((264/(-27))/4)/(10/(-90))?
15
Let b(z) = 2*z - 11. Let r be b(11). Suppose 0 = 2*j - 18 - 18. What is the remainder when j is divided by r/44 + (-43)/(-4)?
7
Calculate the remainder when 188 is divided by 8 + 2 - (-42)/(-7).
0
Let i(p) = 4*p**2 - 6*p - 21. Let f be i(10). Let k = f + -265. Calculate the remainder when k is divided by 19.
16
Let y = 7 + -4. Let s(g) = -5*g**2 + 18*g - 19. Let b be s(1). Calculate the remainder when 15 is divided by 2 + 7 + b/(9/y).
1
Suppose -4*s = -4*m + 291 - 731, -6 = -m. Calculate the remainder when 363 is divided by s.
15
Suppose 3*l - 27 - 42 = 0. Let v be 15/2*((-64)/(-10))/8. Suppose 7*d - v = 764. Calculate the remainder when d is divided by l.
18
Let j = -28 + 41. What is the remainder when 5*5/(-25) + 24*(-128)/(-24) is divided by j?
10
Suppose -16 - 14 = -3*f. Let r(a) = -43 + 11 + 16*a - 37. Calculate the remainder when r(6) is divided by f.
7
Let z(c) be the second derivative of 9*c - 2/3*c**3 + 1/20*c**5 + 0 - 11/2*c**2 - 5/12*c**4. What is the remainder when 1 is divided by z(6)?
0
Suppose 2*y - 240 = 42*x - 45*x, 2*x - y - 181 = 0. What is the remainder when 9113 is divided by x?
83
Suppose -2*x + 111 = -3*l, -17*l = -4*x - 13*l + 212. Calculate the remainder when 4654 is divided by x.
46
Let y(r) = -3918*r - 1495. Calculate the remainder when y(-1) is divided by 37.
18
Suppose 4*y = 4*l - 2*l + 12, 0 = 5*y - 10. Let o be (5 + -1)*(-1 - l). Calculate the remainder when 189 is divided by 96*o/32*4.
45
Let i = -13 - -46. Let n = -3453 - -3466. What is the remainder when i is divided by n?
7
Let q(o) = 16*o**3 - 124*o**2 - 3*o - 68. What is the remainder when q(8) is divided by 119?
45
Let d(p) = p**2 + 20*p - 5. Suppose -5 = z - 4, s = 3*z - 18. Calculate the remainder when 21 is divided by d(s).
5
Suppose -156 = -14*r + 208. Let s(x) = -x**3 + 8*x**2 - 4*x - 4. Calculate the remainder when r is divided by s(7).
9
Suppose -30 = -19*x + 407. Let h be 14/4*(-72)/(-42). Suppose 0 = 2*t - h*t + 176. Calculate the remainder when t is divided by x.
21
Suppose -7 - 14 = -7*h. Suppose 22 + 17 = h*f + 3*n, -5*f - 2*n = -56. Calculate the remainder when (10/f)/((-2)/(-166)) is divided by 21.
20
Suppose -138 = -5*j - 4*y, -4*j = y - 7 - 99. Let d(o) = 6*o - j + 61 - 5*o + 27. Calculate the remainder when d(-9) is divided by 14.
11
Suppose -343 = -5*n - y, -4*n + 269 = y - 2*y. Let a = 142 - n. Suppose -a = -7*d + 535. What is the remainder when d is divided by 30?
27
Let c be (-2)/(-13) - 164/52 - -6. Let n(d) = 90*d - 13. Let i be n(c). Suppose 0 = s - 276 + i. Calculate the remainder when s is divided by 11.
8
Let m = -30 - -42. Let o(i) = -2*i + 23. Let r be o(m). Calculate the remainder when 36 is divided by (5/10)/(r/(-38)).
17
Let p(l) = l**2 + 7*l + 11. Let u(s) = 15*s + 7. Let a be u(-1). What is the remainder when 74 is divided by p(a)?
17
Suppose 252 = -7*f + 4*f. Let u = f - -133. Suppose 3*k - u = 80. Calculate the remainder when k is divided by 16.
11
Suppose 1776 = 365*l - 29249. What is the remainder when 133 is divided by l?
48
Let x = -12324 - -13425. What is the remainder when x is divided by 275?
1
Let a(u) = -4*u**2 + 96*u - 115. Let d be a(33). Let v = 1376 + d. Let w = -49 - -74. Calculate the remainder when v is divided by w.
23
Suppose -5*v + 5*l = -185, -2 = -2*v - 2*l + 52. What is the remainder when 443 is divided by v?
27
Let l = 13123 + -13102. Calculate the remainder when 1839 is divided by l.
12
What is the remainder when 235 is divided by (-4)/(-10) - 35370/(-450)?
77
Suppose -6*d + 85 = -5*d. Let w = d - 73. Suppose w*s - 13*s + 44 = 0. Calculate the remainder when 173 is divided by s.
41
Suppose -10*j + 35059 = 43*j + 8718. Calculate the remainder when j is divided by 25.
22
Suppose -12*k = -k - 473. Let i(r) = 22*r + 296. Calculate the remainder when i(2) is divided by k.
39
Let q = 252 - 208. Let o = -34 + q. What is the remainder when 15 is divided by o?
5
Suppose -4*g - 40 = -5*g. Suppose 277 = 2*r + 281. What is the remainder when (-6578)/(-33) + r/6 is divided by g?
39
Suppose 3*q + 3*d = 66, 2*q + 72 = -3*d + 113. Calculate the remainder when 112 is divided by q.
12
Let a = 5497 - 4196. What is the remainder when a is divided by 7?
6
Suppose 154*m - 351 = -109 + 528. Calculate the remainder when 986 is divided by m.
1
Let i be ((-144)/(-56))/((-9)/(-42)). What is the remainder when i*8/(-64)*-146 is divided by 44?
43
Let v be 2785/15 - ((-16)/6)/(-4). Suppose v = 9*b - 22. Calculate the remainder when b is divided by 13.
10
Let r = 8 - 8. Suppose -2*f + 3*f + 3 = 4*v, r = 5*f + v - 27. Suppose -f*x - 5*u = -95, 2 + 1 = -3*u. Calculate the remainder when 58 is divided by x.
18
Let x(f) be the first derivative of -f**3/3 + 11*f**2/2 - 13*f - 97. Calculate the remainder when 41 is divided by x(4).
11
Let r(q) = -q**3 - 22*q**2 - 41*q - 148. What is the remainder when r(-26) is divided by 24?
22
Suppose 3428*w + 7040 = 3460*w. What is the remainder when w is divided by 35?
10
Let t(q) = 94*q**2 + q. Let p = 25 + -23. Suppose -p*w + 3*u = 14, 16 = u + 3*u. What is the remainder when t(w) is divided by 12?
9
Let x = -6584 + 6647. Calculate the remainder when 132 is divided by x.
6
Suppose -79*k - 23*k + 7864 = 316. Calculate the remainder when 410 is divided by k.
40
Let q = -1 + 543. Suppose 538*a = q*a - 88. Calculate the remainder when a is divided by 7.
1
Calculate the remainder when ((-4)/15 + (-1)/3)*(-839 - -444) is divided by 14.
13
Suppose x + 4*x + 3*w - 111 = 0, -8 = -4*w. Calculate the remainder when (386/(-4))/(-2 + x/14) is divided by 13.
11
Let g = 85 - 61. Let v(z) = z**2 - 7*z + 16. Let r be v(3). Suppose 5*j = j + w + 172, -r*j + 5*w + 156 = 0. Calc